sor of 11799 and 3876?
57
What is the highest common divisor of 4 and 7759?
1
What is the greatest common factor of 96620 and 1960?
20
What is the highest common divisor of 4531 and 13199?
197
What is the greatest common divisor of 428240 and 4?
4
What is the highest common divisor of 104860 and 175?
35
What is the highest common factor of 32 and 4822?
2
What is the greatest common divisor of 603 and 6574509?
603
Calculate the highest common factor of 55398 and 196.
14
Calculate the greatest common factor of 855 and 80655.
285
Calculate the highest common factor of 25481 and 581.
83
What is the highest common divisor of 26 and 25337?
13
What is the greatest common factor of 2306 and 952?
2
Calculate the greatest common divisor of 1440257 and 1292.
323
Calculate the greatest common divisor of 324454 and 26.
26
Calculate the greatest common factor of 8308 and 6200.
124
What is the greatest common factor of 150 and 3523300?
50
What is the highest common divisor of 1342 and 5185?
61
Calculate the highest common factor of 1927034 and 74.
74
Calculate the highest common factor of 183762 and 164.
82
What is the highest common factor of 910200 and 210?
30
Calculate the greatest common divisor of 425 and 38845.
85
Calculate the highest common factor of 287638 and 39.
13
Calculate the greatest common divisor of 2207175 and 75.
75
What is the greatest common factor of 484 and 365112?
44
What is the highest common factor of 267 and 306516?
267
Calculate the greatest common factor of 3266913 and 211.
211
What is the highest common factor of 1093190 and 1078?
98
Calculate the greatest common divisor of 595954 and 38.
38
What is the highest common factor of 9 and 2363121?
9
What is the highest common divisor of 2324 and 1634768?
332
Calculate the highest common factor of 179 and 36166771.
179
What is the greatest common divisor of 69805 and 14835?
115
What is the greatest common factor of 2317 and 112?
7
What is the highest common divisor of 87963 and 109?
109
What is the highest common divisor of 414 and 3987?
9
What is the highest common divisor of 73854 and 990?
198
What is the greatest common divisor of 426380 and 8?
4
Calculate the highest common factor of 48 and 7344072.
24
What is the greatest common factor of 55296 and 57744?
144
Calculate the greatest common divisor of 204 and 245276.
68
What is the highest common divisor of 27928 and 24?
8
What is the greatest common factor of 10 and 4670?
10
Calculate the highest common divisor of 624 and 6654.
6
What is the highest common factor of 955 and 67232?
191
What is the highest common divisor of 42 and 642?
6
What is the highest common divisor of 42 and 902622?
42
What is the highest common factor of 206671 and 932?
233
What is the greatest common factor of 39 and 13161?
3
What is the greatest common divisor of 360 and 5860?
20
Calculate the greatest common factor of 2545 and 11745.
5
Calculate the greatest common divisor of 195 and 497367.
39
What is the greatest common factor of 3020 and 980?
20
Calculate the greatest common divisor of 46 and 1348.
2
Calculate the greatest common factor of 73818 and 7236.
54
What is the greatest common factor of 132 and 169653?
33
Calculate the greatest common divisor of 20 and 53290.
10
What is the highest common factor of 244116 and 72?
36
Calculate the greatest common factor of 20710 and 120.
10
What is the greatest common divisor of 370 and 3070?
10
Calculate the greatest common factor of 5603 and 37497.
431
What is the greatest common factor of 4025 and 138299?
161
What is the greatest common factor of 132 and 37983?
33
What is the highest common factor of 325610 and 10?
10
What is the highest common divisor of 372 and 348?
12
Calculate the highest common divisor of 19085 and 385.
55
What is the greatest common divisor of 361284 and 276?
276
What is the highest common factor of 30 and 255390?
30
What is the highest common divisor of 64532 and 52?
52
What is the greatest common divisor of 32608 and 32?
32
What is the greatest common divisor of 31098 and 22081?
71
Calculate the highest common factor of 6225 and 31200.
75
Calculate the greatest common factor of 576525 and 825.
75
What is the highest common factor of 19452 and 9948?
12
Calculate the greatest common divisor of 79 and 534435.
79
Calculate the highest common divisor of 8875 and 250.
125
What is the highest common factor of 175 and 1407?
7
Calculate the greatest common factor of 2448720 and 1440.
720
Calculate the greatest common divisor of 20280 and 395070.
390
Calculate the highest common factor of 4224 and 12540.
132
Calculate the highest common factor of 52422 and 30.
6
What is the greatest common divisor of 12787905 and 195?
195
Calculate the greatest common factor of 674400 and 750.
150
What is the highest common divisor of 1822214 and 114?
38
What is the highest common factor of 360 and 13720?
40
What is the highest common factor of 2929 and 29?
29
What is the highest common factor of 530800 and 16?
16
What is the highest common divisor of 10368 and 1224?
72
What is the highest common divisor of 171104 and 368?
16
What is the greatest common divisor of 87533 and 836?
19
What is the greatest common divisor of 270 and 88710?
30
Calculate the greatest common divisor of 616272 and 222.
222
What is the highest common divisor of 66993 and 1467?
489
What is the greatest common divisor of 1442 and 1330?
14
Calculate the greatest common factor of 134 and 13735.
67
Calculate the highest common divisor of 858 and 8294.
286
Calculate the greatest common divisor of 464400 and 43.
43
Calculate the highest common factor of 548 and 554.
2
Calculate the greatest common divisor of 798 and 100086.
42
What is the greatest common divisor of 388626 and 171?
57
What is the highest common factor of 29 and 1130130?
29
What is the greatest common factor of 223783 and 196?
49
What is the highest common factor of 231 and 69223?
77
What is the greatest common divisor of 90 and 891486?
18
Calculate the greatest common divisor of 27 and 94113.
9
Calculate the highest common divisor of 161 and 49588.
161
What is the highest common factor of 10795 and 1955?
85
Calculate the highest common factor of 8690 and 1264.
158
What is the highest common factor of 40409 and 17?
17
Calculate the greatest common divisor of 3149 and 2115.
47
What is the greatest common divisor of 25677 and 9?
9
Calculate the highest common factor of 376 and 272036.
188
Calculate the highest common factor of 17 and 57596.
17
Calculate the highest common divisor of 24667 and 2.
1
What is the greatest common divisor of 15431 and 52?
13
Calculate the highest common factor of 202192 and 32.
16
Calculate the highest common factor of 1056 and 759.
33
Calculate the greatest common divisor of 30 and 95505.
15
What is the highest common divisor of 85 and 423895?
85
Calculate the highest common divisor of 1482 and 1263158.
494
What is the greatest common factor of 432 and 8538?
6
Calculate the highest common factor of 42080 and 250.
10
Calculate the greatest common factor of 104 and 650.
26
Calculate the greatest common factor of 2912 and 7648.
32
What is the greatest common factor of 1320 and 7422?
6
Calculate the highest common divisor of 105 and 369465.
15
Calculate the greatest common factor of 72 and 4008.
24
What is the highest common factor of 7807 and 129167?
37
What is the greatest common divisor of 15430 and 50?
10
What is the highest common factor of 99 and 139271?
11
What is the greatest common factor of 243741 and 339?
339
Calculate the greatest common divisor of 36254 and 2.
2
Calculate the highest common divisor of 1263248 and 70.
14
What is the greatest common divisor of 398709 and 27?
27
Calculate the highest common factor of 146 and 509686.
146
Calculate the highest common factor of 230944 and 896.
224
Calculate the greatest common divisor of 2930 and 1090546.
586
Calculate the greatest common divisor of 62740 and 720.
20
What is the highest common factor of 45648 and 3924?
36
Calculate the highest common factor of 22 and 403865.
11
What is the greatest common divisor of 138151 and 897?
13
Calculate the highest common divisor of 286 and 41119.
13
What is the highest common factor of 147915 and 38?
19
What is the greatest common divisor of 30 and 227